What are the prime factors of 755244326?
2, 1487, 253949
What are the prime factors of 88575090?
2, 3, 5, 151, 19553
What are the prime factors of 835100199?
3, 10309879
List the prime factors of 263784502.
2, 631, 209021
List the prime factors of 105356874.
2, 3, 7, 307, 8171
List the prime factors of 57455421.
3, 131, 146197
What are the prime factors of 2933551332?
2, 3, 43, 463, 4093
List the prime factors of 99059977.
19, 41, 127163
List the prime factors of 104153997.
3, 2003, 17333
What are the prime factors of 6399411779?
17, 376435987
List the prime factors of 323388552.
2, 3, 17, 43, 18433
What are the prime factors of 2139627315?
3, 5, 7, 113, 180331
What are the prime factors of 513027584?
2, 769, 1303
What are the prime factors of 6920335383?
3, 13, 613, 289469
What are the prime factors of 707723084?
2, 176930771
What are the prime factors of 1881392321?
1881392321
What are the prime factors of 133630245?
3, 5, 7, 424223
List the prime factors of 18773233.
18773233
What are the prime factors of 44903030?
2, 5, 73, 61511
What are the prime factors of 22461125?
5, 179689
List the prime factors of 201062958.
2, 3, 37, 97, 9337
List the prime factors of 448842632.
2, 7, 1033, 7759
List the prime factors of 127384057.
467, 272771
List the prime factors of 1721815768.
2, 61, 3528311
List the prime factors of 84265299.
3, 3120937
List the prime factors of 699545232.
2, 3, 4857953
What are the prime factors of 2111495564?
2, 43, 12276137
List the prime factors of 160436697.
3, 3691, 14489
List the prime factors of 33687951.
3, 11, 1020847
What are the prime factors of 44305100?
2, 5, 7, 167, 379
What are the prime factors of 3254199414?
2, 3, 542366569
List the prime factors of 557082451.
19, 29320129
What are the prime factors of 6057029940?
2, 3, 5, 13, 587, 13229
What are the prime factors of 1276115224?
2, 159514403
What are the prime factors of 1797579804?
2, 3, 83, 1804799
List the prime factors of 61271251.
61271251
What are the prime factors of 97866855?
3, 5, 467, 4657
List the prime factors of 283075867.
157, 1803031
What are the prime factors of 991071772?
2, 67, 3698029
What are the prime factors of 40306085?
5, 29, 137, 2029
What are the prime factors of 5035956749?
29, 173653681
What are the prime factors of 8477630720?
2, 5, 13, 17, 23, 1303
List the prime factors of 1574176232.
2, 196772029
List the prime factors of 351528031.
443, 793517
What are the prime factors of 77114904?
2, 3, 661, 4861
List the prime factors of 34885957.
19, 41, 2357
What are the prime factors of 367947067?
47, 127, 61643
List the prime factors of 61318063.
89, 103, 6689
What are the prime factors of 5096479007?
751, 6786257
List the prime factors of 324614883.
3, 108204961
List the prime factors of 673247923.
17, 53, 747223
List the prime factors of 224757550.
2, 5, 59, 61, 1249
List the prime factors of 2131157295.
3, 5, 53, 893567
List the prime factors of 221913406.
2, 11, 13, 769, 1009
List the prime factors of 207043636.
2, 51760909
List the prime factors of 391774570.
2, 5, 11, 1103, 3229
What are the prime factors of 661592909?
487, 1358507
What are the prime factors of 1791954526?
2, 97, 9236879
What are the prime factors of 756084214?
2, 17, 19, 73, 16033
List the prime factors of 219882683.
223, 821, 1201
List the prime factors of 16545896.
2, 17, 121661
List the prime factors of 60269387.
19, 3172073
What are the prime factors of 63362118?
2, 3, 10560353
What are the prime factors of 5764733383?
397, 14520739
What are the prime factors of 353571886?
2, 29, 43, 141769
What are the prime factors of 1089835861?
1089835861
What are the prime factors of 41063054?
2, 47, 436841
What are the prime factors of 124664164?
2, 167, 431, 433
What are the prime factors of 125357152?
2, 3917411
What are the prime factors of 3634007755?
5, 7, 3389, 30637
List the prime factors of 219268352.
2, 43, 19919
List the prime factors of 624809904.
2, 3, 23, 89, 6359
List the prime factors of 139625926.
2, 11, 6346633
List the prime factors of 701040609.
3, 61, 499, 853
What are the prime factors of 99459602?
2, 11, 43, 105137
What are the prime factors of 122904589?
199, 563, 1097
What are the prime factors of 64623059?
53, 1219303
What are the prime factors of 504272145?
3, 5, 13, 2586011
What are the prime factors of 142781927?
37, 3858971
List the prime factors of 15412011.
3, 509, 10093
What are the prime factors of 31486972?
2, 11, 715613
What are the prime factors of 1893783181?
19, 79, 239, 5279
What are the prime factors of 901030010?
2, 5, 3821, 23581
List the prime factors of 8238786.
2, 3, 41, 107, 313
List the prime factors of 95399760.
2, 3, 5, 19, 20921
List the prime factors of 909935124.
2, 3, 7, 10832561
List the prime factors of 54735065.
5, 7, 11, 142169
What are the prime factors of 10684139?
10684139
List the prime factors of 1322549921.
7, 11, 17175973
What are the prime factors of 104505342?
2, 3, 17417557
List the prime factors of 1890552871.
59, 79, 405611
List the prime factors of 209125849.
209125849
List the prime factors of 108130362.
2, 3, 47, 59, 67, 97
What are the prime factors of 9414270920?
2, 5, 235356773
What are the prime factors of 483079913?
31, 3889, 4007
What are the prime factors of 317316213?
3, 2237, 15761
What are the prime factors of 1130641944?
2, 3, 47110081
What are the prime factors of 133293870?
2, 3, 5, 41, 12041
What are the prime factors of 17380781?
11, 83, 19037
What are the prime factors of 8501149067?
53, 571, 280909
What are the prime factors of 84947608?
2, 10618451
What are the prime factors of 23327690?
2, 5, 283, 8243
What are the prime factors of 2973599097?
3, 7, 141599957
List the prime factors of 6497465.
5, 13, 99961
What are the prime factors of 32974535?
5, 11, 599537
What are the prime factors of 2197938247?
39251, 55997
What are the prime factors of 154634427?
3, 643, 2969
What are the prime factors of 29127211?
43, 439, 1543
What are the prime factors of 7881225913?
11, 139, 5154497
What are the prime factors of 958897733?
17, 727, 77587
What are the prime factors of 578535261?
3, 23, 167, 50207
List the prime factors of 4556866641.
3, 1518955547
What are the prime factors of 75411421?
53, 1422857
What are the prime factors of 4630189242?
2, 3, 7, 29, 11083
What are the prime factors of 2494710503?
2494710503
List the prime factors of 35413996.
2, 41, 215939
List the prime factors of 979384205.
5, 1597, 122653
What are the prime factors of 10530743?
43, 244901
What are the prime factors of 549748381?
7, 13, 443, 1049
What are the prime factors of 120989852?
2, 37, 41, 127, 157
List the prime factors of 96289272.
2, 3, 1337351
List the prime factors of 107252368.
2, 113, 137, 433
What are the prime factors of 27783654?
2, 3, 73, 229, 277
What are the prime factors of 2170422795?
3, 5, 641, 225733
What are the prime factors of 228404866?
2, 47, 113, 21503
List the prime factors of 973262707.
19, 29, 1766357
What are the prime factors of 5324183?
5324183
What are the prime factors of 41470406?
2, 29, 199, 3593
What are the prime factors of 404994089?
404994089
List the prime factors of 727089894.
2, 3, 40393883
What are the prime factors of 155709491?
7, 349, 63737
List the prime factors of 29542325.
5, 479, 2467
List the prime factors of 164087537.
164087537
List the prime factors of 91323818.
2, 2689, 16981
List the prime factors of 57761697.
3, 7, 2750557
List the prime factors of 56514383.
233, 242551
What are the prime factors of 167958195?
3, 5, 19, 589327
List the prime factors of 148424617.
11, 139, 97073
What are the prime factors of 206701?
11, 19, 23, 43
List the prime factors of 29083723.
29, 1002887
List the prime factors of 42348056.
2, 5293507
What are the prime factors of 38923927?
7, 593, 9377
List the prime factors of 65723320.
2, 5, 13, 97, 1303
What are the prime factors of 332678191?
53, 467, 13441
List the prime factors of 91930046.
2, 13, 3535771
List the prime factors of 5800441713.
3, 11, 31, 5670031
List the prime factors of 3211304851.
37, 103, 113, 7457
What are the prime factors of 8960743196?
2, 2240185799
What are the prime factors of 138414871?
7, 1231, 16063
What are the prime factors of 70967456?
2, 7, 316819
List the prime factors of 42205179.
3, 29,